{"id":29,"date":"2023-02-23T21:20:56","date_gmt":"2023-02-23T20:20:56","guid":{"rendered":"https:\/\/www.violethill.sk\/?page_id=29"},"modified":"2023-02-24T23:15:31","modified_gmt":"2023-02-24T22:15:31","slug":"o-nas","status":"publish","type":"page","link":"https:\/\/www.violethill.sk\/","title":{"rendered":"O n\u00e1s a farme"},"content":{"rendered":"<div class=\"wp-block-image\">\n<figure class=\"aligncenter size-large is-resized\"><img loading=\"lazy\" decoding=\"async\" src=\"https:\/\/www.violethill.sk\/wp-content\/uploads\/2023\/02\/violethill-uvodna-foto-1024x765.jpg\" alt=\"\" class=\"wp-image-94\" width=\"953\" height=\"712\" srcset=\"https:\/\/www.violethill.sk\/wp-content\/uploads\/2023\/02\/violethill-uvodna-foto-1024x765.jpg 1024w, https:\/\/www.violethill.sk\/wp-content\/uploads\/2023\/02\/violethill-uvodna-foto-300x224.jpg 300w, https:\/\/www.violethill.sk\/wp-content\/uploads\/2023\/02\/violethill-uvodna-foto-768x574.jpg 768w, https:\/\/www.violethill.sk\/wp-content\/uploads\/2023\/02\/violethill-uvodna-foto.jpg 1240w\" sizes=\"(max-width: 953px) 100vw, 953px\" \/><\/figure><\/div>\n\n\n<p>Sme mal\u00e1 levandu\u013eov\u00e1 farma na Myjavsk\u00fdch kopaniciach v obci Poriadie.&nbsp;<\/p>\n\n\n\n<p>Pestujeme dve odrody levandule. Jedl\u00fa &#8211;\u00a0 levandu\u013eu\u00a0lek\u00e1rsku (lavandula angustifolia) a nejedl\u00fa &#8211; levandu\u013eu prostredn\u00fa (lavandula x intermedia).\u00a0<\/p>\n\n\n\n<p>Z na\u0161ej jedlej odrody vyr\u00e1bame levandu\u013eov\u00fd sirup. Z\u00e1rove\u0148 ho pon\u00fakame aj v mini verzii , vhodnej ako dar\u010dek pre svadobn\u00fdch host\u00ed.\u00a0<\/p>\n\n\n\n<p>Pre svadobn\u00fdch host\u00ed vyr\u00e1bame aj sk\u00famavky s \u010daj\u00edkom\u00a0a so\u013eou do k\u00fape\u013ea. V\u017edy ich lad\u00edme pod\u013ea po\u017eiadaviek nevesty personalizovanou etiketou a stu\u017ekou pod\u013ea \u017eelania.\u00a0<\/p>\n\n\n\n<p>Ob\u013e\u00faben\u00e9 s\u00fa aj na\u0161e dar\u010dekov\u00e9 bal\u00ed\u010dky ako svadobn\u00fd dar.&nbsp;<\/p>\n\n\n\n<p>V \u010dase kvitnutia otv\u00e1rame na\u0161e br\u00e1ny pre milovn\u00edkov levandule na fotenie a samozber,\u00a0kde maj\u00fa mo\u017enos\u0165 nad\u0161enci levandule\u00a0pr\u00eds\u0165 str\u00e1vi\u0165\u00a0pr\u00edjemn\u00fd \u010das v kr\u00e1snej kopani\u010diarskej pr\u00edrode a vlastnoru\u010dne si nastriha\u0165 levandu\u013eu.\u00a0<\/p>\n\n\n\n<p><\/p>\n\n\n<div class=\"wp-block-image\">\n<figure class=\"aligncenter size-large is-resized\"><img loading=\"lazy\" decoding=\"async\" src=\"https:\/\/www.violethill.sk\/wp-content\/uploads\/2023\/02\/Jaroslav_Patricia-1024x683.jpg\" alt=\"\" class=\"wp-image-50\" width=\"948\" height=\"633\" srcset=\"https:\/\/www.violethill.sk\/wp-content\/uploads\/2023\/02\/Jaroslav_Patricia-1024x683.jpg 1024w, https:\/\/www.violethill.sk\/wp-content\/uploads\/2023\/02\/Jaroslav_Patricia-300x200.jpg 300w, https:\/\/www.violethill.sk\/wp-content\/uploads\/2023\/02\/Jaroslav_Patricia-768x512.jpg 768w, https:\/\/www.violethill.sk\/wp-content\/uploads\/2023\/02\/Jaroslav_Patricia-1536x1024.jpg 1536w, https:\/\/www.violethill.sk\/wp-content\/uploads\/2023\/02\/Jaroslav_Patricia-2048x1365.jpg 2048w\" sizes=\"(max-width: 948px) 100vw, 948px\" \/><\/figure><\/div>","protected":false},"excerpt":{"rendered":"<p>Sme mal\u00e1 levandu\u013eov\u00e1 farma na Myjavsk\u00fdch kopaniciach v obci Poriadie.&nbsp; Pestujeme dve odrody levandule. Jedl\u00fa &#8211;\u00a0 levandu\u013eu\u00a0lek\u00e1rsku (lavandula angustifolia) a nejedl\u00fa &#8211; levandu\u013eu prostredn\u00fa (lavandula x intermedia).\u00a0 Z na\u0161ej jedlej odrody vyr\u00e1bame levandu\u013eov\u00fd sirup. Z\u00e1rove\u0148 ho pon\u00fakame aj v mini<\/p>\n","protected":false},"author":1,"featured_media":0,"parent":0,"menu_order":0,"comment_status":"closed","ping_status":"closed","template":"","meta":{"_monsterinsights_skip_tracking":false,"_monsterinsights_sitenote_active":false,"_monsterinsights_sitenote_note":"","_monsterinsights_sitenote_category":0,"footnotes":""},"class_list":["post-29","page","type-page","status-publish","hentry"],"yoast_head":"<!-- This site is optimized with the Yoast SEO plugin v23.5 - https:\/\/yoast.com\/wordpress\/plugins\/seo\/ -->\n<title>O n\u00e1s a farme - Violet Hill - &quot;kopany\u010d\u00e1rska levanduala&quot;<\/title>\n<meta name=\"robots\" content=\"index, follow, max-snippet:-1, max-image-preview:large, max-video-preview:-1\" \/>\n<link rel=\"canonical\" href=\"https:\/\/www.violethill.sk\/\" \/>\n<meta property=\"og:locale\" content=\"sk_SK\" \/>\n<meta property=\"og:type\" content=\"article\" \/>\n<meta property=\"og:title\" content=\"O n\u00e1s a farme - Violet Hill - &quot;kopany\u010d\u00e1rska levanduala&quot;\" \/>\n<meta property=\"og:description\" content=\"Sme mal\u00e1 levandu\u013eov\u00e1 farma na Myjavsk\u00fdch kopaniciach v obci Poriadie.&nbsp; Pestujeme dve odrody levandule. Jedl\u00fa &#8211;\u00a0 levandu\u013eu\u00a0lek\u00e1rsku (lavandula angustifolia) a nejedl\u00fa &#8211; levandu\u013eu prostredn\u00fa (lavandula x intermedia).\u00a0 Z na\u0161ej jedlej odrody vyr\u00e1bame levandu\u013eov\u00fd sirup. Z\u00e1rove\u0148 ho pon\u00fakame aj v mini\" \/>\n<meta property=\"og:url\" content=\"https:\/\/www.violethill.sk\/\" \/>\n<meta property=\"og:site_name\" content=\"Violet Hill - &quot;kopany\u010d\u00e1rska levanduala&quot;\" \/>\n<meta property=\"article:modified_time\" content=\"2023-02-24T22:15:31+00:00\" \/>\n<meta property=\"og:image\" content=\"https:\/\/www.violethill.sk\/wp-content\/uploads\/2023\/02\/violethill-uvodna-foto-1024x765.jpg\" \/>\n<meta name=\"twitter:card\" content=\"summary_large_image\" \/>\n<meta name=\"twitter:label1\" content=\"Predpokladan\u00fd \u010das \u010d\u00edtania\" \/>\n\t<meta name=\"twitter:data1\" content=\"2 min\u00faty\" \/>\n<script type=\"application\/ld+json\" class=\"yoast-schema-graph\">{\"@context\":\"https:\/\/schema.org\",\"@graph\":[{\"@type\":\"WebPage\",\"@id\":\"https:\/\/www.violethill.sk\/\",\"url\":\"https:\/\/www.violethill.sk\/\",\"name\":\"O n\u00e1s a farme - Violet Hill - &quot;kopany\u010d\u00e1rska levanduala&quot;\",\"isPartOf\":{\"@id\":\"https:\/\/www.violethill.sk\/#website\"},\"primaryImageOfPage\":{\"@id\":\"https:\/\/www.violethill.sk\/#primaryimage\"},\"image\":{\"@id\":\"https:\/\/www.violethill.sk\/#primaryimage\"},\"thumbnailUrl\":\"https:\/\/www.violethill.sk\/wp-content\/uploads\/2023\/02\/violethill-uvodna-foto-1024x765.jpg\",\"datePublished\":\"2023-02-23T20:20:56+00:00\",\"dateModified\":\"2023-02-24T22:15:31+00:00\",\"breadcrumb\":{\"@id\":\"https:\/\/www.violethill.sk\/#breadcrumb\"},\"inLanguage\":\"sk-SK\",\"potentialAction\":[{\"@type\":\"ReadAction\",\"target\":[\"https:\/\/www.violethill.sk\/\"]}]},{\"@type\":\"ImageObject\",\"inLanguage\":\"sk-SK\",\"@id\":\"https:\/\/www.violethill.sk\/#primaryimage\",\"url\":\"https:\/\/www.violethill.sk\/wp-content\/uploads\/2023\/02\/violethill-uvodna-foto.jpg\",\"contentUrl\":\"https:\/\/www.violethill.sk\/wp-content\/uploads\/2023\/02\/violethill-uvodna-foto.jpg\",\"width\":1240,\"height\":926},{\"@type\":\"BreadcrumbList\",\"@id\":\"https:\/\/www.violethill.sk\/#breadcrumb\",\"itemListElement\":[{\"@type\":\"ListItem\",\"position\":1,\"name\":\"Home\",\"item\":\"https:\/\/www.violethill.sk\/\"},{\"@type\":\"ListItem\",\"position\":2,\"name\":\"O n\u00e1s a farme\"}]},{\"@type\":\"WebSite\",\"@id\":\"https:\/\/www.violethill.sk\/#website\",\"url\":\"https:\/\/www.violethill.sk\/\",\"name\":\"Violet Hill - &quot;kopany\u010d\u00e1rska levanduala&quot;\",\"description\":\"Levandu\u013ea z Myjavsk\u00fdch kopan\u00edc\",\"potentialAction\":[{\"@type\":\"SearchAction\",\"target\":{\"@type\":\"EntryPoint\",\"urlTemplate\":\"https:\/\/www.violethill.sk\/?s={search_term_string}\"},\"query-input\":{\"@type\":\"PropertyValueSpecification\",\"valueRequired\":true,\"valueName\":\"search_term_string\"}}],\"inLanguage\":\"sk-SK\"}]}<\/script>\n<!-- \/ Yoast SEO plugin. -->","yoast_head_json":{"title":"O n\u00e1s a farme - Violet Hill - &quot;kopany\u010d\u00e1rska levanduala&quot;","robots":{"index":"index","follow":"follow","max-snippet":"max-snippet:-1","max-image-preview":"max-image-preview:large","max-video-preview":"max-video-preview:-1"},"canonical":"https:\/\/www.violethill.sk\/","og_locale":"sk_SK","og_type":"article","og_title":"O n\u00e1s a farme - Violet Hill - &quot;kopany\u010d\u00e1rska levanduala&quot;","og_description":"Sme mal\u00e1 levandu\u013eov\u00e1 farma na Myjavsk\u00fdch kopaniciach v obci Poriadie.&nbsp; Pestujeme dve odrody levandule. Jedl\u00fa &#8211;\u00a0 levandu\u013eu\u00a0lek\u00e1rsku (lavandula angustifolia) a nejedl\u00fa &#8211; levandu\u013eu prostredn\u00fa (lavandula x intermedia).\u00a0 Z na\u0161ej jedlej odrody vyr\u00e1bame levandu\u013eov\u00fd sirup. Z\u00e1rove\u0148 ho pon\u00fakame aj v mini","og_url":"https:\/\/www.violethill.sk\/","og_site_name":"Violet Hill - &quot;kopany\u010d\u00e1rska levanduala&quot;","article_modified_time":"2023-02-24T22:15:31+00:00","og_image":[{"url":"https:\/\/www.violethill.sk\/wp-content\/uploads\/2023\/02\/violethill-uvodna-foto-1024x765.jpg"}],"twitter_card":"summary_large_image","twitter_misc":{"Predpokladan\u00fd \u010das \u010d\u00edtania":"2 min\u00faty"},"schema":{"@context":"https:\/\/schema.org","@graph":[{"@type":"WebPage","@id":"https:\/\/www.violethill.sk\/","url":"https:\/\/www.violethill.sk\/","name":"O n\u00e1s a farme - Violet Hill - &quot;kopany\u010d\u00e1rska levanduala&quot;","isPartOf":{"@id":"https:\/\/www.violethill.sk\/#website"},"primaryImageOfPage":{"@id":"https:\/\/www.violethill.sk\/#primaryimage"},"image":{"@id":"https:\/\/www.violethill.sk\/#primaryimage"},"thumbnailUrl":"https:\/\/www.violethill.sk\/wp-content\/uploads\/2023\/02\/violethill-uvodna-foto-1024x765.jpg","datePublished":"2023-02-23T20:20:56+00:00","dateModified":"2023-02-24T22:15:31+00:00","breadcrumb":{"@id":"https:\/\/www.violethill.sk\/#breadcrumb"},"inLanguage":"sk-SK","potentialAction":[{"@type":"ReadAction","target":["https:\/\/www.violethill.sk\/"]}]},{"@type":"ImageObject","inLanguage":"sk-SK","@id":"https:\/\/www.violethill.sk\/#primaryimage","url":"https:\/\/www.violethill.sk\/wp-content\/uploads\/2023\/02\/violethill-uvodna-foto.jpg","contentUrl":"https:\/\/www.violethill.sk\/wp-content\/uploads\/2023\/02\/violethill-uvodna-foto.jpg","width":1240,"height":926},{"@type":"BreadcrumbList","@id":"https:\/\/www.violethill.sk\/#breadcrumb","itemListElement":[{"@type":"ListItem","position":1,"name":"Home","item":"https:\/\/www.violethill.sk\/"},{"@type":"ListItem","position":2,"name":"O n\u00e1s a farme"}]},{"@type":"WebSite","@id":"https:\/\/www.violethill.sk\/#website","url":"https:\/\/www.violethill.sk\/","name":"Violet Hill - &quot;kopany\u010d\u00e1rska levanduala&quot;","description":"Levandu\u013ea z Myjavsk\u00fdch kopan\u00edc","potentialAction":[{"@type":"SearchAction","target":{"@type":"EntryPoint","urlTemplate":"https:\/\/www.violethill.sk\/?s={search_term_string}"},"query-input":{"@type":"PropertyValueSpecification","valueRequired":true,"valueName":"search_term_string"}}],"inLanguage":"sk-SK"}]}},"_links":{"self":[{"href":"https:\/\/www.violethill.sk\/index.php?rest_route=\/wp\/v2\/pages\/29"}],"collection":[{"href":"https:\/\/www.violethill.sk\/index.php?rest_route=\/wp\/v2\/pages"}],"about":[{"href":"https:\/\/www.violethill.sk\/index.php?rest_route=\/wp\/v2\/types\/page"}],"author":[{"embeddable":true,"href":"https:\/\/www.violethill.sk\/index.php?rest_route=\/wp\/v2\/users\/1"}],"replies":[{"embeddable":true,"href":"https:\/\/www.violethill.sk\/index.php?rest_route=%2Fwp%2Fv2%2Fcomments&post=29"}],"version-history":[{"count":6,"href":"https:\/\/www.violethill.sk\/index.php?rest_route=\/wp\/v2\/pages\/29\/revisions"}],"predecessor-version":[{"id":99,"href":"https:\/\/www.violethill.sk\/index.php?rest_route=\/wp\/v2\/pages\/29\/revisions\/99"}],"wp:attachment":[{"href":"https:\/\/www.violethill.sk\/index.php?rest_route=%2Fwp%2Fv2%2Fmedia&parent=29"}],"curies":[{"name":"wp","href":"https:\/\/api.w.org\/{rel}","templated":true}]}}